11
(13 - (9 + 18)) + 16 + -35
-33
Calculate (-20 - -17 - -42) + -24.
15
Evaluate (1 + 1 - 8) + 12 + -9 + 0.
-3
What is 4 + (-15 - -26 - 0)?
15
What is -3 - -23 - -3 - 13?
10
Evaluate -2 - (-13 - (-7 - 23)).
-19
Evaluate (0 - (5 - 0)) + -11 - (-109 - -118).
-25
Evaluate -7 - ((-17 - -19) + 11).
-20
What is the value of -9 + 110 + -108 + (-3 - -2) + 1?
-7
What is (53 - 58) + 2 + -18?
-21
Calculate 76 + (-16 - 62) + (-26 - -1).
-27
What is -47 - -32 - -42 - 7?
20
What is the value of -13 + (-15 + 2 - 1) + (87 - 85)?
-25
What is -8 - (-11 + 14 + -28 - 2)?
19
What is the value of (22 + -15 - 11) + -10?
-14
Evaluate 1980 + -1979 - (1 + 13).
-13
-31 - (21 - (35 - 2))
-19
Evaluate 6 - -12 - 9 - (13 + -3).
-1
What is the value of -15 - -8 - -2 - (23 - (1 - -2))?
-25
What is the value of 0 + -10 + 39 + (-12 - 2)?
15
Evaluate (7 + -7 - -6) + -1 + -1 - 4.
0
Evaluate -9 + 8 - 6 - -12.
5
133 + -132 + (-3 - (-6 + 1) - -3)
6
What is the value of -9 + -21 + 13 + (-14 - 1)?
-32
Calculate 13 + -5 + 5 + -8 + (2 - -1).
8
Calculate (0 + 7 - (-2 - -5)) + -7.
-3
Calculate (17 - 15) + -6 + -1.
-5
Calculate (1 - (1 + 7)) + -424 + 419.
-12
Calculate 62 + -11 - (-26 - -56).
21
Evaluate 14 + -22 + (-10 - 2) - -3.
-17
What is -7 + (1 - 2) + 19 + (200 - 199)?
12
What is the value of 7 + 9 + -30 - 20 - -16?
-18
What is 6 + 0 + 2 - 1?
7
What is the value of -10 + (-19 + 9 - (-6 + 0))?
-14
What is (-12 - (20 - 36)) + (-1 - 9 - 1)?
-7
Calculate 17 - 4 - (12 + -11 + -6) - -6.
24
0 - ((4 - -1 - 2) + 7)
-10
Evaluate -7 + (-2 - 9) + 5 + 1.
-12
What is 0 - 7 - (-15 + (-9 - -28))?
-11
What is the value of 115 + -55 + -37 - (0 - -3)?
20
(-21 - (3 - 5)) + (72 - 24 - 38)
-9
What is the value of 19 + (25 - 31) - 32?
-19
22 + (-33 - -11) + 5
5
What is 108 - 96 - (-2 - -2 - -11)?
1
Evaluate (-9 - (-4 + 6 + -7 + -1)) + 3.
0
What is -5 + -2 - ((5 - 13) + -10 - 4)?
15
Evaluate 2 + 1 + (10 - 3 - 14) + 6.
2
Evaluate -16 - (2 - 15 - (-126 + 120)).
-9
Evaluate -2 + 8 + (64 - (124 - 45)).
-9
What is the value of -11 - (-4 - 14) - -4?
11
Evaluate (1 - (-28 + 24)) + 1 + -1.
5
Evaluate -1 + (0 - 0) + (-12 + -7 - -5).
-15
What is the value of (2 - 3) + (275 - 272)?
2
Evaluate (24 - 34) + (38 + -2 - 3).
23
-1 + 9 + -8 + -1 + -18 + 23
4
What is (-8 - (-6 + -8)) + (5 - 8)?
3
What is 13 + (-34 - -9) + 8 - -1?
-3
Calculate 38 - 0 - (1049 - 991).
-20
-9 + (201 + -219 - (-1 - 7))
-19
Evaluate (-5 - (-27 + 13)) + -9 + 9.
9
What is -20 + (0 - 0) + 7 + -12 + 11?
-14
Calculate -2 - (-13 + (15 - 11)).
7
What is -2 + 10 + (-6 - -4) - (0 - -16)?
-10
(1 - -1) + (-1 + -2 - (0 - 3))
2
Calculate 14 + -22 + 16 + (3 - (5 - 1)).
7
Calculate 19 + -15 - -4 - (7 + -1).
2
(-7 + -1 - (-5 + 7 + -6)) + 1
-3
Calculate 24 + -38 - 12 - -7.
-19
(-2 - -5) + -9 + 19
13
Calculate 8 + 37 + -31 + -33 + 1.
-18
What is the value of (-9 - (4 + -11) - (5 + 1)) + 4?
-4
What is (-16 - 3 - -6) + 28?
15
What is 0 + 10 - 1 - (94 + -189 + 97)?
7
What is -118 + 120 - (-2 + 0) - (1 + -1)?
4
What is 11 + (4 - 4 - 12)?
-1
What is 27 - (25 + -14) - (0 + 3)?
13
Evaluate 5 + -6 + 2 + -8 + 31 + -19.
5
What is (0 + -3 + 7 - 8) + (-2 - -5)?
-1
-4 + 6 - ((-9 - (-12 + -6)) + -11)
4
(-2 - 4) + 1 - (4 + (-2 - -3))
-10
Evaluate -2 + 3 + 9 + -10 + -10.
-10
-26 + 12 - (-7 + (5 - 7))
-5
-1 + -1 + 44 - 11 - 14
17
Evaluate 6 + -1 - (1 + -8 - (-75 - -61)).
-2
Calculate 8 + 8 + (6 - 4 - 3).
15
Calculate -141 + 141 + 0 + 0 + -13.
-13
Evaluate 20 - (-7 + 6 + -3 + 3 + 2).
19
What is the value of -16 + 25 + -7 + (6 - 4)?
4
Evaluate -18 + 21 - (-1 - (20 + -9)).
15
(-24 + -10 - 5) + 17
-22
Evaluate 6 + 9 - 4 - -3.
14
Evaluate 7 + -19 + 3 + -4 + -8.
-21
What is 11 + (5 - (-1 + 3 - -2 - 1))?
13
(-41 - -67) + -15 + -2 + -29 + 0
-20
Calculate 13 - 28 - -15 - -12.
12
What is the value of -118 - -110 - (1 - 10) - (-19 - 1)?
21
Evaluate (6 - (5 + -6 + -8) - 8) + -7.
0
What is the value of -8 - (10 + (-4 + -7 - -4))?
-11
What is -18 + 9 + 3 + -3?
-9
Calculate 2 - ((8 - -17) + -18).
-5
1 - (-29 + (-1 - -20))
11
What is the value of 11 - (9 - 10 - (-2 - (-5 + 4)))?
11
-32 - -45 - (1 - -13) - (14 - -2)
-17
Calculate -5 - ((4 + -1 - -3) + -29 + 7).
11
Evaluate 481 - 525 - (3 - 55).
8
Calculate (-172 - -165) + 31 + 0.
24
Calculate 0 - ((2 - 18) + -12 - 13).
41
What is the value of 1 + 6 + 6 + -26?
-13
Calculate (0 - (4 - (-3 + 7) - -5)) + 0.
-5
What is 1 - 15 - (19 + -23)?
-10
Evaluate 9 + (-40 + 15 - -1).
-15
Calculate -3 + -3 - (3 + (-7 - -3) - -7).
-12
Evaluate -78 + 71 + (-11 - 2).
-20
Evaluate (-1 - 19) + (-18 - (-98 + 48)).
12
Calculate -5 - -2 - (-42 + 31).
8
What is -20 + -2 + (-21 - -3) + 9?
-31
Calculate 1 + -2 + 6 + -36 + 26 + -4.
-9
4 + (-6 - (12 + -20))
6
Calculate 9 - ((-18 - -17) + 15 + 1).
-6
What is the value of -1 + -1 - (-9 + 30 - 21)?
-2
Calculate 52 - ((1 - 0) + 2) - (-21 - -32).
38
19 - 14 - 25 - -28
8
Calculate 11 - (24 - -29 - 29).
-13
(-7 - (-4 - (-14 + 10))) + (-2 - -8)
-1
-18 - (-5 + -5 + 9)
-17
0 + 0 - 13 - ((-12 - 82) + 106)
-25
-37 + 50 - 5 - -32
40
What is (-5 - (-26 + 12)) + -7?
2
What is 538 + -547 - (2 - 1 - 0)?
-10
What is (13 + -11 + 12 - 7) + 12?
19
-8 + (-1 + 0 - -12)
3
What is -20 - (8 - (9 - -5))?
-14
What is the value of -10 - (7 + 3 + -14 + (-15 - -7))?
2
(-21 - (-19 - 1)) + -13
-14
What is 12 - (1 + 3 + -3 + (-15 - -18))?
8
Evaluate 11 + (20 + -30 - -16 - -12).
29
Calculate 1 + 15 + (45 - (51 - -27)).
-17
What is the value of -6 + 2 + (6 - 15) + 5?
-8
What is the value of -11 - (1 - 9 - (7 - (15 - 5)))?
-6
3 + (-22 - (-4 - 4) - (-1 + 0))
-10
Evaluate (-3 - -2) + 17 + (5 - -2 - 11).
12
What is the value of -3 + 22 + -12 - 2?
5
Evaluate (-41 - -11) + 15 - -17.
2
25 - (-4 - ((-4 - 0) + (72 - 81)))
16
Calculate (-10 - ((-8 - -10) + -24)) + -8 + 2.
6
What is 2 + 1 + (-4 - (9 + -6)) + 4?
0
Evaluate 58 + -29 - 31 - 13.
-15
Evaluate (-2 + 3 - 0) + 2 - (2 - -3).
-2
What is the value of -16 + 0 + -14 + 0 + 13?
-17
Evaluate 1 + -10 + (-467 - -483).
7
What is the value of -9 - -4 - (44 + -45)?
-4
What is 4 - (-6 + 5 + 5 + -3)?
3
Evaluate (2 - -11) + (-7 - (-6 + 1 + 2)).
9
6 - ((0 - -13) + -4 - 5)
2
What is the value of -9 + (2 - (-12 + 2))?
3
Evaluate (-47 + -8 - -26) + 33.
4
-6 - 1 - 5 - 1
-13
Calculate -61 + 58 - (-2 - (1 + -13)).
-13
Calculate (1 - -9) + -36 + 16.
-10
What is 11 + -39 + -3 + 4 + 5 + -6?
-28
Evaluate -22 + -12 + 24 + 24.
14
4 + 7 + 45 - 19
37
Evaluate 13 - -2 - 0 - (-699 - -699).
15
What is -59 + 51 - (-18 - 0)?
10
5 + 2 + (-4 - -2) + 6 + -2
9
Evaluate 4 + 1 - (8 - (7 - -1)) - 11.
-6
Evaluate 8 + (4 - (-5 + 11)) + (-1 - 6).
-1
What is the value of -23 + (-7 - (-68 - -21))?
17
What is the value of 62 + -35 - ((8 - 7) + 3)?
23
What is 4 - (-3 - -1) - (-213 + 218)?
1
Evaluate 5 + -25 + (1 - -1 - -15).
-3
What is 3 + (25 - 64 - -20)?
-16
What is 21 - (17 - 27 - -17)?
14
-805 + 799 + -1 + 12
5
What is -1 - 10 - (13 - (-27 + 52))?
1
Calculate (4 - 7) + -25 + 15 - (10 - 2).
-21
What is (5 - 3 - -4) + -7 - (9 - 0)?
-10
What is 7 + (-25 - (7 + -13))?
-12
What is -1 + 29 - (13 - (7 + (-13 - -8)))?
17
9 + (12 + -11 - 1 - (0 - -2))
7
Calculate -5 + (3 - (1 + 5)) + -12 + 32.
12
What is the value of (1349 - 1392) + (1 - -67)?
25
What is the value of (-21 - -22) + 3 + -5?
-1
What is the value of (19 - 30) + -16 - -29?
2
Calculate -3 - -9 - (49 + -56 - (-2 - -1)).
12
Calculate -28 + 35 + -9 + (15 - -4).
17
What is (9 - 37) + 9 + 7?
-12
2 - 34 - (54 + -41 + -31)
-14
What is the value of -19 + 7 + -1 - -15?
2
9 - ((-2 - -14) + -13)
10
Calculate -19 + 20 + (51 - 37).
15
What is the value of 5 + -2 - 3 - (-21 + 9 + -1)?
13
Calculate 33 + (-25 - 6) - (23 - (-2 - -1)).
-22
What is (2 - (16 + -4 - 5) - 5) + 3?
-7
Calculate -15 + -1 - (8 - (7 + 9)).
-8
Evaluate -3 + -1 - (51 + -30 - 37).
12
19 + 3 + 3 + 3 + -18
10
Calculate (0 - -7) + 33 + -51.
-11
Evaluate 6 + 3 + (5 - 14) + 1.
1
12 + -22 + 52 + -21
21
Evaluate -36 + 43 + (-2 - 0 - 16) + -1.
-12
Evaluate -22 + 31 + -25 + 1 + 5.
-10
What is (-3 - (2 + 5 - 9)) + 5?
4
Calculate 4 - (-9 - (-15 - (2 + -1))).
-3
Evaluate 126 + -125 + (2 - (1 - -1)) + 12.
13
What is 11 + 11 + -17 - (-16 - -1 - 5)?
25
Evaluate 12 - (78 - 86 - (-2 - -2)).
20
What is the value of 1 - (10 - 0) - (-8 + 23)?
-24
1 + (-15 + 3 - -17)
6
Calculate 15 + (-10 - -3) + 0.
8
-5 + (-7 - -23) - 9
2
Calculate -5 + 1 + 11 - (151 + -135).
-9
Evaluat